{"id":318,"date":"2022-12-27T14:02:42","date_gmt":"2022-12-27T13:02:42","guid":{"rendered":"https:\/\/actris.cz\/web\/?page_id=318"},"modified":"2026-04-13T07:15:48","modified_gmt":"2026-04-13T05:15:48","slug":"cz","status":"publish","type":"page","link":"https:\/\/actris.cz\/web\/","title":{"rendered":""},"content":{"rendered":"\t\t<div data-elementor-type=\"wp-page\" data-elementor-id=\"318\" class=\"elementor elementor-318\">\n\t\t\t\t\t\t\t\t\t<section class=\"elementor-section elementor-top-section elementor-element elementor-element-410ae27 elementor-section-boxed elementor-section-height-default elementor-section-height-default\" data-id=\"410ae27\" data-element_type=\"section\" data-settings=\"{&quot;background_background&quot;:&quot;classic&quot;,&quot;_ha_eqh_enable&quot;:false}\">\n\t\t\t\t\t\t<div class=\"elementor-container elementor-column-gap-default\">\n\t\t\t\t\t<div class=\"elementor-column elementor-col-100 elementor-top-column elementor-element elementor-element-5b90ea4\" data-id=\"5b90ea4\" data-element_type=\"column\">\n\t\t\t<div class=\"elementor-widget-wrap elementor-element-populated\">\n\t\t\t\t\t\t\t\t<div class=\"elementor-element elementor-element-5c00c3e elementor-widget elementor-widget-heading\" data-id=\"5c00c3e\" data-element_type=\"widget\" data-widget_type=\"heading.default\">\n\t\t\t\t<div class=\"elementor-widget-container\">\n\t\t\t<style>\/*! elementor - v3.9.2 - 21-12-2022 *\/\n.elementor-heading-title{padding:0;margin:0;line-height:1}.elementor-widget-heading .elementor-heading-title[class*=elementor-size-]>a{color:inherit;font-size:inherit;line-height:inherit}.elementor-widget-heading .elementor-heading-title.elementor-size-small{font-size:15px}.elementor-widget-heading .elementor-heading-title.elementor-size-medium{font-size:19px}.elementor-widget-heading .elementor-heading-title.elementor-size-large{font-size:29px}.elementor-widget-heading .elementor-heading-title.elementor-size-xl{font-size:39px}.elementor-widget-heading .elementor-heading-title.elementor-size-xxl{font-size:59px}<\/style><h1 class=\"elementor-heading-title elementor-size-default\">Pro ty, kdo cht\u011bj\u00ed vid\u011bt v\u00edce ne\u017e oblohu - poznejte atmosf\u00e9ru do hloubky<\/h1>\t\t<\/div>\n\t\t\t\t<\/div>\n\t\t\t\t\t<\/div>\n\t\t<\/div>\n\t\t\t\t\t\t\t<\/div>\n\t\t<\/section>\n\t\t\t\t<section class=\"elementor-section elementor-top-section elementor-element elementor-element-924a902 elementor-section-full_width elementor-section-height-default elementor-section-height-default\" data-id=\"924a902\" data-element_type=\"section\" data-settings=\"{&quot;background_background&quot;:&quot;classic&quot;,&quot;_ha_eqh_enable&quot;:false}\">\n\t\t\t\t\t\t<div class=\"elementor-container elementor-column-gap-default\">\n\t\t\t\t\t<div class=\"elementor-column elementor-col-100 elementor-top-column elementor-element elementor-element-1c69cfa\" data-id=\"1c69cfa\" data-element_type=\"column\">\n\t\t\t<div class=\"elementor-widget-wrap elementor-element-populated\">\n\t\t\t\t\t\t\t\t<div class=\"elementor-element elementor-element-bc2b41c elementor-widget elementor-widget-heading\" data-id=\"bc2b41c\" data-element_type=\"widget\" data-widget_type=\"heading.default\">\n\t\t\t\t<div class=\"elementor-widget-container\">\n\t\t\t<h2 class=\"elementor-heading-title elementor-size-default\">Va\u0161e v\u00fdzkumy si zaslou\u017e\u00ed \u0161pi\u010dkovou podporu<\/h2>\t\t<\/div>\n\t\t\t\t<\/div>\n\t\t\t\t<div class=\"elementor-element elementor-element-7dcbad8 elementor-align-center elementor-widget elementor-widget-button\" data-id=\"7dcbad8\" data-element_type=\"widget\" data-widget_type=\"button.default\">\n\t\t\t\t<div class=\"elementor-widget-container\">\n\t\t\t\t\t<div class=\"elementor-button-wrapper\">\n\t\t\t<a href=\"https:\/\/julie9.aidaform.com\/dost-o-open-access-2024\" class=\"elementor-button-link elementor-button elementor-size-sm\" role=\"button\">\n\t\t\t\t\t\t<span class=\"elementor-button-content-wrapper\">\n\t\t\t\t\t\t<span class=\"elementor-button-text\">\u017d\u00e1dost o data<\/span>\n\t\t<\/span>\n\t\t\t\t\t<\/a>\n\t\t<\/div>\n\t\t\t\t<\/div>\n\t\t\t\t<\/div>\n\t\t\t\t<div class=\"elementor-element elementor-element-e5ed397 elementor-widget elementor-widget-text-editor\" data-id=\"e5ed397\" data-element_type=\"widget\" data-widget_type=\"text-editor.default\">\n\t\t\t\t<div class=\"elementor-widget-container\">\n\t\t\t<style>\/*! elementor - v3.9.2 - 21-12-2022 *\/\n.elementor-widget-text-editor.elementor-drop-cap-view-stacked .elementor-drop-cap{background-color:#818a91;color:#fff}.elementor-widget-text-editor.elementor-drop-cap-view-framed .elementor-drop-cap{color:#818a91;border:3px solid;background-color:transparent}.elementor-widget-text-editor:not(.elementor-drop-cap-view-default) .elementor-drop-cap{margin-top:8px}.elementor-widget-text-editor:not(.elementor-drop-cap-view-default) .elementor-drop-cap-letter{width:1em;height:1em}.elementor-widget-text-editor .elementor-drop-cap{float:left;text-align:center;line-height:1;font-size:50px}.elementor-widget-text-editor .elementor-drop-cap-letter{display:inline-block}<\/style>\t\t\t\t<p>Pro u\u017eivatele nab\u00edz\u00edme otev\u0159en\u00fd p\u0159\u00edstup k dat\u016fm a infrastruktu\u0159e (mo\u017enost vlastn\u00edho m\u011b\u0159en\u00ed, vyu\u017eit\u00ed m\u011b\u0159ic\u00edcho prostoru, soum\u011b\u0159en\u00ed, exkurze a vzd\u011bl\u00e1vac\u00ed semin\u00e1\u0159e).<\/p>\t\t\t\t\t\t<\/div>\n\t\t\t\t<\/div>\n\t\t\t\t\t<\/div>\n\t\t<\/div>\n\t\t\t\t\t\t\t<\/div>\n\t\t<\/section>\n\t\t\t\t<section class=\"elementor-section elementor-top-section elementor-element elementor-element-6c8beddb elementor-section-content-middle elementor-section-boxed elementor-section-height-default elementor-section-height-default\" data-id=\"6c8beddb\" data-element_type=\"section\" data-settings=\"{&quot;background_background&quot;:&quot;classic&quot;,&quot;_ha_eqh_enable&quot;:false}\">\n\t\t\t\t\t\t<div class=\"elementor-container elementor-column-gap-wide\">\n\t\t\t\t\t<div class=\"elementor-column elementor-col-50 elementor-top-column elementor-element elementor-element-1b44f017\" data-id=\"1b44f017\" data-element_type=\"column\">\n\t\t\t<div class=\"elementor-widget-wrap elementor-element-populated\">\n\t\t\t\t\t\t\t\t<div class=\"elementor-element elementor-element-575aaeb elementor-widget elementor-widget-image\" data-id=\"575aaeb\" data-element_type=\"widget\" data-widget_type=\"image.default\">\n\t\t\t\t<div class=\"elementor-widget-container\">\n\t\t\t<style>\/*! elementor - v3.9.2 - 21-12-2022 *\/\n.elementor-widget-image{text-align:center}.elementor-widget-image a{display:inline-block}.elementor-widget-image a img[src$=\".svg\"]{width:48px}.elementor-widget-image img{vertical-align:middle;display:inline-block}<\/style>\t\t\t\t\t\t\t\t\t\t\t\t<img loading=\"lazy\" decoding=\"async\" width=\"1024\" height=\"768\" src=\"https:\/\/actris.cz\/web\/wp-content\/uploads\/2022\/12\/421.jpeg\" class=\"attachment-large size-large wp-image-145\" alt=\"\" srcset=\"https:\/\/actris.cz\/web\/wp-content\/uploads\/2022\/12\/421.jpeg 1024w, https:\/\/actris.cz\/web\/wp-content\/uploads\/2022\/12\/421-300x225.jpeg 300w, https:\/\/actris.cz\/web\/wp-content\/uploads\/2022\/12\/421-768x576.jpeg 768w, https:\/\/actris.cz\/web\/wp-content\/uploads\/2022\/12\/421-16x12.jpeg 16w\" sizes=\"auto, (max-width: 1024px) 100vw, 1024px\" \/>\t\t\t\t\t\t\t\t\t\t\t\t\t\t\t<\/div>\n\t\t\t\t<\/div>\n\t\t\t\t\t<\/div>\n\t\t<\/div>\n\t\t\t\t<div class=\"elementor-column elementor-col-50 elementor-top-column elementor-element elementor-element-c7f9256\" data-id=\"c7f9256\" data-element_type=\"column\">\n\t\t\t<div class=\"elementor-widget-wrap elementor-element-populated\">\n\t\t\t\t\t\t\t\t<div class=\"elementor-element elementor-element-28254f1e elementor-widget elementor-widget-heading\" data-id=\"28254f1e\" data-element_type=\"widget\" data-widget_type=\"heading.default\">\n\t\t\t\t<div class=\"elementor-widget-container\">\n\t\t\t<h2 class=\"elementor-heading-title elementor-size-default\">ACTRIS \u010cesk\u00e1 republika<\/h2>\t\t<\/div>\n\t\t\t\t<\/div>\n\t\t\t\t<div class=\"elementor-element elementor-element-21ce1e86 elementor-widget elementor-widget-text-editor\" data-id=\"21ce1e86\" data-element_type=\"widget\" data-widget_type=\"text-editor.default\">\n\t\t\t\t<div class=\"elementor-widget-container\">\n\t\t\t\t\t\t\t<p>VVI ACTRIS-CZ se zam\u011b\u0159uje na problematiku region\u00e1ln\u00ed \u00farovn\u011b kvality ovzdu\u0161\u00ed \u010cR a v \u0161ir\u0161\u00ed perspektiv\u011b i ve st\u0159edn\u00ed Evrop\u011b. Tvo\u0159\u00ed ji N\u00e1rodn\u00ed Atmosf\u00e9rick\u00e1 Observato\u0159 Ko\u0161etice, Observato\u0159 Mile\u0161ovka, stanice Suchdol a Lom.\u00a0\u00a0<\/p>\t\t\t\t\t\t<\/div>\n\t\t\t\t<\/div>\n\t\t\t\t<div class=\"elementor-element elementor-element-14d3892 elementor-widget elementor-widget-text-editor\" data-id=\"14d3892\" data-element_type=\"widget\" data-widget_type=\"text-editor.default\">\n\t\t\t\t<div class=\"elementor-widget-container\">\n\t\t\t\t\t\t\t<p>Pro u\u017eivatele nab\u00edz\u00edme <a href=\"https:\/\/actris.cz\/web\/pristup-na-vvi-actris-cz\/\">otev\u0159en\u00fd p\u0159\u00edstup<\/a> k dat\u016fm a infrastruktu\u0159e (mo\u017enost vlastn\u00edho m\u011b\u0159en\u00ed, vyu\u017eit\u00ed m\u011b\u0159ic\u00edho prostoru, soum\u011b\u0159en\u00ed, exkurze a vzd\u011bl\u00e1vac\u00ed semin\u00e1\u0159e).<\/p>\t\t\t\t\t\t<\/div>\n\t\t\t\t<\/div>\n\t\t\t\t\t<\/div>\n\t\t<\/div>\n\t\t\t\t\t\t\t<\/div>\n\t\t<\/section>\n\t\t\t\t<section class=\"elementor-section elementor-top-section elementor-element elementor-element-20010157 elementor-section-boxed elementor-section-height-default elementor-section-height-default\" data-id=\"20010157\" data-element_type=\"section\" data-settings=\"{&quot;background_background&quot;:&quot;classic&quot;,&quot;_ha_eqh_enable&quot;:false}\">\n\t\t\t\t\t\t\t<div class=\"elementor-background-overlay\"><\/div>\n\t\t\t\t\t\t\t<div class=\"elementor-container elementor-column-gap-default\">\n\t\t\t\t\t<div class=\"elementor-column elementor-col-100 elementor-top-column elementor-element elementor-element-d23608b\" data-id=\"d23608b\" data-element_type=\"column\">\n\t\t\t<div class=\"elementor-widget-wrap elementor-element-populated\">\n\t\t\t\t\t\t\t\t<div class=\"elementor-element elementor-element-4fc16ec1 elementor-widget elementor-widget-heading\" data-id=\"4fc16ec1\" data-element_type=\"widget\" data-widget_type=\"heading.default\">\n\t\t\t\t<div class=\"elementor-widget-container\">\n\t\t\t<h2 class=\"elementor-heading-title elementor-size-default\">\u010c\u00edm se ACTRIS zab\u00fdv\u00e1?<\/h2>\t\t<\/div>\n\t\t\t\t<\/div>\n\t\t\t\t<div class=\"elementor-element elementor-element-64802de7 elementor-widget elementor-widget-text-editor\" data-id=\"64802de7\" data-element_type=\"widget\" data-widget_type=\"text-editor.default\">\n\t\t\t\t<div class=\"elementor-widget-container\">\n\t\t\t\t\t\t\t<p>Velk\u00e1 v\u00fdzkumn\u00e1 infrastruktura (VVI) ACTRIS-CZ je unik\u00e1tn\u00ed platforma specializovan\u00e1 na dlouhodob\u00fd monitoring a v\u00fdzkum kvality ovzdu\u0161\u00ed na poza\u010fov\u00e9 \u00farovni v r\u016fzn\u00fdch typech prost\u0159ed\u00ed. Soust\u0159ed\u00ed se na\u00a0 zdravotn\u00ed, klimatick\u00e9 i environment\u00e1ln\u00ed dopady zm\u011bn ve slo\u017een\u00ed atmosf\u00e9ry. Odborn\u00e9 v\u00fdstupy zahrnuj\u00ed v\u00fdsledky z oboru atmosf\u00e9rick\u00fdch v\u011bd zam\u011b\u0159uj\u00edc\u00ed se na v\u00fdzkum atmosf\u00e9rick\u00fdch aerosol\u016f, interakci aerosol\u016f s oblaky a studov\u00e1n\u00ed reaktivn\u00edch plyn\u016f.<\/p>\t\t\t\t\t\t<\/div>\n\t\t\t\t<\/div>\n\t\t\t\t\t<\/div>\n\t\t<\/div>\n\t\t\t\t\t\t\t<\/div>\n\t\t<\/section>\n\t\t\t\t<section class=\"elementor-section elementor-top-section elementor-element elementor-element-1dca217 elementor-section-boxed elementor-section-height-default elementor-section-height-default\" data-id=\"1dca217\" data-element_type=\"section\" data-settings=\"{&quot;background_background&quot;:&quot;classic&quot;,&quot;_ha_eqh_enable&quot;:false}\">\n\t\t\t\t\t\t<div class=\"elementor-container elementor-column-gap-default\">\n\t\t\t\t\t<div class=\"elementor-column elementor-col-100 elementor-top-column elementor-element elementor-element-b8fce54\" data-id=\"b8fce54\" data-element_type=\"column\">\n\t\t\t<div class=\"elementor-widget-wrap elementor-element-populated\">\n\t\t\t\t\t\t\t\t<div class=\"elementor-element elementor-element-48973d5 elementor-widget elementor-widget-heading\" data-id=\"48973d5\" data-element_type=\"widget\" data-widget_type=\"heading.default\">\n\t\t\t\t<div class=\"elementor-widget-container\">\n\t\t\t<h2 class=\"elementor-heading-title elementor-size-default\">Z\u00e1kladn\u00ed informace<\/h2>\t\t<\/div>\n\t\t\t\t<\/div>\n\t\t\t\t\t<\/div>\n\t\t<\/div>\n\t\t\t\t\t\t\t<\/div>\n\t\t<\/section>\n\t\t\t\t<section class=\"elementor-section elementor-top-section elementor-element elementor-element-5db5ed8 elementor-section-boxed elementor-section-height-default elementor-section-height-default\" data-id=\"5db5ed8\" data-element_type=\"section\" data-settings=\"{&quot;background_background&quot;:&quot;classic&quot;,&quot;_ha_eqh_enable&quot;:false}\">\n\t\t\t\t\t\t<div class=\"elementor-container elementor-column-gap-default\">\n\t\t\t\t\t<div class=\"elementor-column elementor-col-50 elementor-top-column elementor-element elementor-element-f74be05\" data-id=\"f74be05\" data-element_type=\"column\">\n\t\t\t<div class=\"elementor-widget-wrap elementor-element-populated\">\n\t\t\t\t\t\t\t\t<div class=\"elementor-element elementor-element-e7224e9 elementor-widget elementor-widget-text-editor\" data-id=\"e7224e9\" data-element_type=\"widget\" data-widget_type=\"text-editor.default\">\n\t\t\t\t<div class=\"elementor-widget-container\">\n\t\t\t\t\t\t\t<p>Cel\u00fd n\u00e1zev Velk\u00e9 v\u00fdzkumn\u00e9 infrastruktury (VVI):\u00a0<strong>ACTRIS \u2013 \u00fa\u010dast \u010cesk\u00e9 republiky<\/strong><\/p><p>Akronym VVI:\u00a0<strong>ACTRIS-CZ<\/strong><\/p><p>K\u00f3d VVI: <strong>LM2023030<\/strong><\/p><p>Poskytovatel:\u00a0Ministerstvo \u0161kolstv\u00ed, ml\u00e1de\u017ee a t\u011blov\u00fdchovy (M\u0160MT)<\/p><p>P\u0159\u00edjemce a koordin\u00e1tor projektu:\u00a0\u010cesk\u00fd hydrometeorologick\u00fd \u00fastav (\u010cHM\u00da)<\/p>\t\t\t\t\t\t<\/div>\n\t\t\t\t<\/div>\n\t\t\t\t\t<\/div>\n\t\t<\/div>\n\t\t\t\t<div class=\"elementor-column elementor-col-50 elementor-top-column elementor-element elementor-element-ae8317c\" data-id=\"ae8317c\" data-element_type=\"column\">\n\t\t\t<div class=\"elementor-widget-wrap elementor-element-populated\">\n\t\t\t\t\t\t\t\t<div class=\"elementor-element elementor-element-40c06fe elementor-widget elementor-widget-text-editor\" data-id=\"40c06fe\" data-element_type=\"widget\" data-widget_type=\"text-editor.default\">\n\t\t\t\t<div class=\"elementor-widget-container\">\n\t\t\t\t\t\t\t<p><strong>Dal\u0161\u00ed \u00fa\u010dastn\u00edci VVI:<\/strong><\/p>\n<p><span style=\"font-family: Roboto, sans-serif; font-size: 14px; font-style: normal; font-variant-ligatures: normal; font-variant-caps: normal; font-weight: 400;\">\u00dastav v\u00fdzkumu glob\u00e1ln\u00ed zm\u011bny&nbsp;AV \u010cR, v.v.i. (\u00daVGZ)<\/span><\/p>\n<p><span style=\"font-family: Roboto, sans-serif; font-size: 14px; font-style: normal; font-variant-ligatures: normal; font-variant-caps: normal; font-weight: 400;\">Masarykova univerzita (MU)<\/span><\/p>\n<p>\u00dastav chemick\u00fdch proces\u016f&nbsp;AV \u010cR, v.v.i. (\u00daCHP)<\/p>\n<p><span style=\"font-family: Roboto, sans-serif; font-size: 14px; font-style: normal; font-variant-ligatures: normal; font-variant-caps: normal; font-weight: 400;\">\u00dastav fyziky atmosf\u00e9ry AV \u010cR, v.v.i. (\u00daFA)<\/span><\/p>\n<p><strong>Hlavn\u00ed \u0159e\u0161itel VVI:&nbsp;<\/strong><\/p>\n<p>RNDr. Ad\u00e9la Holubov\u00e1 \u0160mejkalov\u00e1, Ph.D.<\/p><br>\t\t\t\t\t\t<\/div>\n\t\t\t\t<\/div>\n\t\t\t\t\t<\/div>\n\t\t<\/div>\n\t\t\t\t\t\t\t<\/div>\n\t\t<\/section>\n\t\t\t\t<section class=\"elementor-section elementor-top-section elementor-element elementor-element-a30aeba elementor-section-boxed elementor-section-height-default elementor-section-height-default\" data-id=\"a30aeba\" data-element_type=\"section\" data-settings=\"{&quot;background_background&quot;:&quot;classic&quot;,&quot;_ha_eqh_enable&quot;:false}\">\n\t\t\t\t\t\t<div class=\"elementor-container elementor-column-gap-default\">\n\t\t\t\t\t<div class=\"elementor-column elementor-col-100 elementor-top-column elementor-element elementor-element-a418d88\" data-id=\"a418d88\" data-element_type=\"column\">\n\t\t\t<div class=\"elementor-widget-wrap elementor-element-populated\">\n\t\t\t\t\t\t\t\t<div class=\"elementor-element elementor-element-c3a9216 elementor-widget elementor-widget-text-editor\" data-id=\"c3a9216\" data-element_type=\"widget\" data-widget_type=\"text-editor.default\">\n\t\t\t\t<div class=\"elementor-widget-container\">\n\t\t\t\t\t\t\t<p><strong>VVI ACTRIS-CZ<\/strong>\u00a0je zahrnuta do n\u00e1rodn\u00ed cestovn\u00ed mapy velk\u00fdch v\u00fdzkumn\u00fdch infrastruktur od roku 2015.<\/p><p><strong>VVI ACTRIS-CZ<\/strong>\u00a0tvo\u0159\u00ed \u010desk\u00fd n\u00e1rodn\u00ed uzel evropsk\u00e9 VI ACTRIS (<a href=\"http:\/\/www.actris.eu\/\">www.actris.eu<\/a>), kter\u00e1 je od roku 2016 sou\u010d\u00e1st\u00ed cestovn\u00ed mapy Strategick\u00e9ho f\u00f3ra evropsk\u00fdch v\u00fdzkumn\u00fdch infrastruktur ESFRI (European Strategy Forum on Research Infrastructures).<\/p>\t\t\t\t\t\t<\/div>\n\t\t\t\t<\/div>\n\t\t\t\t\t<\/div>\n\t\t<\/div>\n\t\t\t\t\t\t\t<\/div>\n\t\t<\/section>\n\t\t\t\t\t\t\t<\/div>\n\t\t","protected":false},"excerpt":{"rendered":"<p>Pro ty, kdo cht\u011bj\u00ed vid\u011bt v\u00edce ne\u017e oblohu &#8211; poznejte atmosf\u00e9ru do hloubky Va\u0161e v\u00fdzkumy si zaslou\u017e\u00ed \u0161pi\u010dkovou podporu \u017d\u00e1dost o data Pro u\u017eivatele nab\u00edz\u00edme otev\u0159en\u00fd p\u0159\u00edstup k dat\u016fm a infrastruktu\u0159e (mo\u017enost vlastn\u00edho m\u011b\u0159en\u00ed, vyu\u017eit\u00ed m\u011b\u0159ic\u00edcho prostoru, soum\u011b\u0159en\u00ed, exkurze a vzd\u011bl\u00e1vac\u00ed semin\u00e1\u0159e). ACTRIS \u010cesk\u00e1 republika VVI ACTRIS-CZ se zam\u011b\u0159uje na problematiku region\u00e1ln\u00ed \u00farovn\u011b kvality ovzdu\u0161\u00ed [&hellip;]<\/p>\n","protected":false},"author":1,"featured_media":310,"parent":0,"menu_order":0,"comment_status":"closed","ping_status":"closed","template":"elementor_header_footer","meta":{"footnotes":""},"class_list":["post-318","page","type-page","status-publish","has-post-thumbnail","hentry","entry","has-media"],"_links":{"self":[{"href":"https:\/\/actris.cz\/web\/wp-json\/wp\/v2\/pages\/318","targetHints":{"allow":["GET"]}}],"collection":[{"href":"https:\/\/actris.cz\/web\/wp-json\/wp\/v2\/pages"}],"about":[{"href":"https:\/\/actris.cz\/web\/wp-json\/wp\/v2\/types\/page"}],"author":[{"embeddable":true,"href":"https:\/\/actris.cz\/web\/wp-json\/wp\/v2\/users\/1"}],"replies":[{"embeddable":true,"href":"https:\/\/actris.cz\/web\/wp-json\/wp\/v2\/comments?post=318"}],"version-history":[{"count":74,"href":"https:\/\/actris.cz\/web\/wp-json\/wp\/v2\/pages\/318\/revisions"}],"predecessor-version":[{"id":3876,"href":"https:\/\/actris.cz\/web\/wp-json\/wp\/v2\/pages\/318\/revisions\/3876"}],"wp:featuredmedia":[{"embeddable":true,"href":"https:\/\/actris.cz\/web\/wp-json\/wp\/v2\/media\/310"}],"wp:attachment":[{"href":"https:\/\/actris.cz\/web\/wp-json\/wp\/v2\/media?parent=318"}],"curies":[{"name":"wp","href":"https:\/\/api.w.org\/{rel}","templated":true}]}}