{"id":50,"date":"2022-12-19T09:16:31","date_gmt":"2022-12-19T08:16:31","guid":{"rendered":"http:\/\/actris.cz\/web\/?page_id=50"},"modified":"2023-02-26T09:37:32","modified_gmt":"2023-02-26T08:37:32","slug":"o-nas","status":"publish","type":"page","link":"https:\/\/actris.cz\/web\/o-nas\/","title":{"rendered":"O n\u00e1s"},"content":{"rendered":"\t\t<div data-elementor-type=\"wp-page\" data-elementor-id=\"50\" class=\"elementor elementor-50\">\n\t\t\t\t\t\t\t\t\t<section class=\"elementor-section elementor-top-section elementor-element elementor-element-25e47b5 elementor-section-boxed elementor-section-height-default elementor-section-height-default\" data-id=\"25e47b5\" data-element_type=\"section\" data-settings=\"{&quot;_ha_eqh_enable&quot;:false}\">\n\t\t\t\t\t\t<div class=\"elementor-container elementor-column-gap-default\">\n\t\t\t\t\t<div class=\"elementor-column elementor-col-33 elementor-top-column elementor-element elementor-element-e491dc5\" data-id=\"e491dc5\" data-element_type=\"column\">\n\t\t\t<div class=\"elementor-widget-wrap elementor-element-populated\">\n\t\t\t\t\t\t\t\t<div class=\"elementor-element elementor-element-1b4ac21 elementor-view-default elementor-mobile-position-top elementor-vertical-align-top elementor-widget elementor-widget-icon-box\" data-id=\"1b4ac21\" data-element_type=\"widget\" data-widget_type=\"icon-box.default\">\n\t\t\t\t<div class=\"elementor-widget-container\">\n\t\t\t<link rel=\"stylesheet\" href=\"https:\/\/actris.cz\/web\/wp-content\/plugins\/elementor\/assets\/css\/widget-icon-box.min.css\">\t\t<div class=\"elementor-icon-box-wrapper\">\n\t\t\t\t\t\t<div class=\"elementor-icon-box-icon\">\n\t\t\t\t<span class=\"elementor-icon elementor-animation-\" >\n\t\t\t\t<i aria-hidden=\"true\" class=\"far fa-list-alt\"><\/i>\t\t\t\t<\/span>\n\t\t\t<\/div>\n\t\t\t\t\t\t<div class=\"elementor-icon-box-content\">\n\t\t\t\t<h3 class=\"elementor-icon-box-title\">\n\t\t\t\t\t<span  >\n\t\t\t\t\t\tC\u00edle\t\t\t\t\t<\/span>\n\t\t\t\t<\/h3>\n\t\t\t\t\t\t\t<\/div>\n\t\t<\/div>\n\t\t\t\t<\/div>\n\t\t\t\t<\/div>\n\t\t\t\t\t<\/div>\n\t\t<\/div>\n\t\t\t\t<div class=\"elementor-column elementor-col-33 elementor-top-column elementor-element elementor-element-4992f3b\" data-id=\"4992f3b\" data-element_type=\"column\">\n\t\t\t<div class=\"elementor-widget-wrap elementor-element-populated\">\n\t\t\t\t\t\t\t\t<div class=\"elementor-element elementor-element-4b0cf90 elementor-view-default elementor-mobile-position-top elementor-vertical-align-top elementor-widget elementor-widget-icon-box\" data-id=\"4b0cf90\" data-element_type=\"widget\" data-widget_type=\"icon-box.default\">\n\t\t\t\t<div class=\"elementor-widget-container\">\n\t\t\t\t\t<div class=\"elementor-icon-box-wrapper\">\n\t\t\t\t\t\t<div class=\"elementor-icon-box-icon\">\n\t\t\t\t<span class=\"elementor-icon elementor-animation-\" >\n\t\t\t\t<i aria-hidden=\"true\" class=\"far fa-handshake\"><\/i>\t\t\t\t<\/span>\n\t\t\t<\/div>\n\t\t\t\t\t\t<div class=\"elementor-icon-box-content\">\n\t\t\t\t<h3 class=\"elementor-icon-box-title\">\n\t\t\t\t\t<span  >\n\t\t\t\t\t\tPartne\u0159i\t\t\t\t\t<\/span>\n\t\t\t\t<\/h3>\n\t\t\t\t\t\t\t<\/div>\n\t\t<\/div>\n\t\t\t\t<\/div>\n\t\t\t\t<\/div>\n\t\t\t\t\t<\/div>\n\t\t<\/div>\n\t\t\t\t<div class=\"elementor-column elementor-col-33 elementor-top-column elementor-element elementor-element-062f1f9\" data-id=\"062f1f9\" data-element_type=\"column\">\n\t\t\t<div class=\"elementor-widget-wrap elementor-element-populated\">\n\t\t\t\t\t\t\t\t<div class=\"elementor-element elementor-element-5c73883 elementor-view-default elementor-mobile-position-top elementor-vertical-align-top elementor-widget elementor-widget-icon-box\" data-id=\"5c73883\" data-element_type=\"widget\" data-widget_type=\"icon-box.default\">\n\t\t\t\t<div class=\"elementor-widget-container\">\n\t\t\t\t\t<div class=\"elementor-icon-box-wrapper\">\n\t\t\t\t\t\t<div class=\"elementor-icon-box-icon\">\n\t\t\t\t<span class=\"elementor-icon elementor-animation-\" >\n\t\t\t\t<i aria-hidden=\"true\" class=\"far fa-file-alt\"><\/i>\t\t\t\t<\/span>\n\t\t\t<\/div>\n\t\t\t\t\t\t<div class=\"elementor-icon-box-content\">\n\t\t\t\t<h3 class=\"elementor-icon-box-title\">\n\t\t\t\t\t<span  >\n\t\t\t\t\t\tProgramy a projekty\t\t\t\t\t<\/span>\n\t\t\t\t<\/h3>\n\t\t\t\t\t\t\t<\/div>\n\t\t<\/div>\n\t\t\t\t<\/div>\n\t\t\t\t<\/div>\n\t\t\t\t\t<\/div>\n\t\t<\/div>\n\t\t\t\t\t\t\t<\/div>\n\t\t<\/section>\n\t\t\t\t<section class=\"elementor-section elementor-top-section elementor-element elementor-element-2662207 elementor-section-boxed elementor-section-height-default elementor-section-height-default\" data-id=\"2662207\" data-element_type=\"section\" data-settings=\"{&quot;_ha_eqh_enable&quot;:false}\">\n\t\t\t\t\t\t<div class=\"elementor-container elementor-column-gap-default\">\n\t\t\t\t\t<div class=\"elementor-column elementor-col-100 elementor-top-column elementor-element elementor-element-fb0a805\" data-id=\"fb0a805\" data-element_type=\"column\">\n\t\t\t<div class=\"elementor-widget-wrap elementor-element-populated\">\n\t\t\t\t\t\t\t\t<div class=\"elementor-element elementor-element-bb82613 elementor-widget elementor-widget-text-editor\" data-id=\"bb82613\" data-element_type=\"widget\" data-widget_type=\"text-editor.default\">\n\t\t\t\t<div class=\"elementor-widget-container\">\n\t\t\t<style>\/*! elementor - v3.9.2 - 21-12-2022 *\/\n.elementor-widget-text-editor.elementor-drop-cap-view-stacked .elementor-drop-cap{background-color:#818a91;color:#fff}.elementor-widget-text-editor.elementor-drop-cap-view-framed .elementor-drop-cap{color:#818a91;border:3px solid;background-color:transparent}.elementor-widget-text-editor:not(.elementor-drop-cap-view-default) .elementor-drop-cap{margin-top:8px}.elementor-widget-text-editor:not(.elementor-drop-cap-view-default) .elementor-drop-cap-letter{width:1em;height:1em}.elementor-widget-text-editor .elementor-drop-cap{float:left;text-align:center;line-height:1;font-size:50px}.elementor-widget-text-editor .elementor-drop-cap-letter{display:inline-block}<\/style>\t\t\t\t<p>V\u00fdzkumn\u00e1 infrastruktura (VVI) ACTRIS-CZ se zam\u011b\u0159uje na problematiku region\u00e1ln\u00ed \u00farovn\u011b kvality ovzdu\u0161\u00ed \u010cR a v \u0161ir\u0161\u00ed perspektiv\u011b i ve st\u0159edn\u00ed Evrop\u011b. Tvo\u0159\u00ed ji N\u00e1rodn\u00ed atmosf\u00e9rick\u00e1 observato\u0159 Ko\u0161etice spole\u010dn\u011b s p\u0159\u00edstrojov\u00fdm vybaven\u00edm a p\u0159\u00edslu\u0161enstv\u00edm dal\u0161\u00edch v\u00fdzkumn\u00fdch instituc\u00ed realizuj\u00edc\u00edch zde sv\u00e9 v\u00fdzkumn\u00e9 a monitorovac\u00ed aktivity.<\/p>\t\t\t\t\t\t<\/div>\n\t\t\t\t<\/div>\n\t\t\t\t\t<\/div>\n\t\t<\/div>\n\t\t\t\t\t\t\t<\/div>\n\t\t<\/section>\n\t\t\t\t<section class=\"elementor-section elementor-top-section elementor-element elementor-element-329abb7 elementor-section-boxed elementor-section-height-default elementor-section-height-default\" data-id=\"329abb7\" data-element_type=\"section\" data-settings=\"{&quot;_ha_eqh_enable&quot;:false}\">\n\t\t\t\t\t\t<div class=\"elementor-container elementor-column-gap-default\">\n\t\t\t\t\t<div class=\"elementor-column elementor-col-100 elementor-top-column elementor-element elementor-element-7468d9f\" data-id=\"7468d9f\" data-element_type=\"column\">\n\t\t\t<div class=\"elementor-widget-wrap elementor-element-populated\">\n\t\t\t\t\t\t\t\t<div class=\"elementor-element elementor-element-c3fbeb5 elementor-widget elementor-widget-heading\" data-id=\"c3fbeb5\" data-element_type=\"widget\" data-widget_type=\"heading.default\">\n\t\t\t\t<div class=\"elementor-widget-container\">\n\t\t\t<style>\/*! elementor - v3.9.2 - 21-12-2022 *\/\n.elementor-heading-title{padding:0;margin:0;line-height:1}.elementor-widget-heading .elementor-heading-title[class*=elementor-size-]>a{color:inherit;font-size:inherit;line-height:inherit}.elementor-widget-heading .elementor-heading-title.elementor-size-small{font-size:15px}.elementor-widget-heading .elementor-heading-title.elementor-size-medium{font-size:19px}.elementor-widget-heading .elementor-heading-title.elementor-size-large{font-size:29px}.elementor-widget-heading .elementor-heading-title.elementor-size-xl{font-size:39px}.elementor-widget-heading .elementor-heading-title.elementor-size-xxl{font-size:59px}<\/style><h2 class=\"elementor-heading-title elementor-size-default\">Jedine\u010dnost<\/h2>\t\t<\/div>\n\t\t\t\t<\/div>\n\t\t\t\t\t<\/div>\n\t\t<\/div>\n\t\t\t\t\t\t\t<\/div>\n\t\t<\/section>\n\t\t\t\t<section class=\"elementor-section elementor-top-section elementor-element elementor-element-e589d7f elementor-section-boxed elementor-section-height-default elementor-section-height-default\" data-id=\"e589d7f\" data-element_type=\"section\" data-settings=\"{&quot;_ha_eqh_enable&quot;:false}\">\n\t\t\t\t\t\t<div class=\"elementor-container elementor-column-gap-default\">\n\t\t\t\t\t<div class=\"elementor-column elementor-col-100 elementor-top-column elementor-element elementor-element-be26133\" data-id=\"be26133\" data-element_type=\"column\">\n\t\t\t<div class=\"elementor-widget-wrap elementor-element-populated\">\n\t\t\t\t\t\t\t\t<div class=\"elementor-element elementor-element-856d30f elementor-widget elementor-widget-text-editor\" data-id=\"856d30f\" data-element_type=\"widget\" data-widget_type=\"text-editor.default\">\n\t\t\t\t<div class=\"elementor-widget-container\">\n\t\t\t\t\t\t\t<ul><li>Unik\u00e1tn\u00ed, dlouhodob\u00e1 a vysoce \u010dasov\u011b rozli\u0161en\u00e1 data chemick\u00fd \u00a0a fyzik\u00e1ln\u00edch vlastnost\u00ed aerosol\u016f.<\/li><li>250 m vysok\u00fd sto\u017e\u00e1r ur\u010den pouze pro v\u011bdeck\u00e9 \u00fa\u010dely (v r\u00e1mci \u010cR).<\/li><li>Nejkontinent\u00e1ln\u011bji lokalizovan\u00e1 stanice v s\u00edti ACTRIS.<\/li><li>Jedin\u00e1 stanice na sv\u011bt\u011b, kde se prol\u00ednaj\u00ed dv\u011b nejv\u011bt\u0161\u00ed s\u00edt\u011b pasivn\u00edho m\u011b\u0159en\u00ed MONET a GAPS.<\/li><li>Propojen\u00ed aktivit \u00a0ACTRIS a ICOS na jedn\u00e9 infrastruktu\u0159e.<\/li><\/ul>\t\t\t\t\t\t<\/div>\n\t\t\t\t<\/div>\n\t\t\t\t\t<\/div>\n\t\t<\/div>\n\t\t\t\t\t\t\t<\/div>\n\t\t<\/section>\n\t\t\t\t<section class=\"elementor-section elementor-top-section elementor-element elementor-element-dc97a42 elementor-section-boxed elementor-section-height-default elementor-section-height-default\" data-id=\"dc97a42\" data-element_type=\"section\" data-settings=\"{&quot;_ha_eqh_enable&quot;:false}\">\n\t\t\t\t\t\t<div class=\"elementor-container elementor-column-gap-default\">\n\t\t\t\t\t<div class=\"elementor-column elementor-col-100 elementor-top-column elementor-element elementor-element-f1fe1f5\" data-id=\"f1fe1f5\" data-element_type=\"column\">\n\t\t\t<div class=\"elementor-widget-wrap elementor-element-populated\">\n\t\t\t\t\t\t\t\t<div class=\"elementor-element elementor-element-967e701 elementor-widget elementor-widget-heading\" data-id=\"967e701\" data-element_type=\"widget\" data-widget_type=\"heading.default\">\n\t\t\t\t<div class=\"elementor-widget-container\">\n\t\t\t<h2 class=\"elementor-heading-title elementor-size-default\">M\u011b\u0159en\u00ed a v\u00fdzkum<\/h2>\t\t<\/div>\n\t\t\t\t<\/div>\n\t\t\t\t\t<\/div>\n\t\t<\/div>\n\t\t\t\t\t\t\t<\/div>\n\t\t<\/section>\n\t\t\t\t<section class=\"elementor-section elementor-top-section elementor-element elementor-element-f260ada elementor-section-boxed elementor-section-height-default elementor-section-height-default\" data-id=\"f260ada\" data-element_type=\"section\" data-settings=\"{&quot;_ha_eqh_enable&quot;:false}\">\n\t\t\t\t\t\t<div class=\"elementor-container elementor-column-gap-default\">\n\t\t\t\t\t<div class=\"elementor-column elementor-col-100 elementor-top-column elementor-element elementor-element-6289d40\" data-id=\"6289d40\" data-element_type=\"column\">\n\t\t\t<div class=\"elementor-widget-wrap elementor-element-populated\">\n\t\t\t\t\t\t\t\t<div class=\"elementor-element elementor-element-3b45d97 elementor-widget elementor-widget-text-editor\" data-id=\"3b45d97\" data-element_type=\"widget\" data-widget_type=\"text-editor.default\">\n\t\t\t\t<div class=\"elementor-widget-container\">\n\t\t\t\t\t\t\t<ul><li>Dlouhodob\u00fd monitoring kvality ovzdu\u0161\u00ed<\/li><li>Atmosf\u00e9rick\u00e9 aerosoly<\/li><li>Emergentn\u00ed organick\u00e9 polutanty<\/li><li>Sklen\u00edkov\u00e9 plyny<\/li><li>Glob\u00e1ln\u00ed zm\u011bna klimatu<\/li><li>Meteorologick\u00e1 m\u011b\u0159en\u00ed<\/li><\/ul>\t\t\t\t\t\t<\/div>\n\t\t\t\t<\/div>\n\t\t\t\t\t<\/div>\n\t\t<\/div>\n\t\t\t\t\t\t\t<\/div>\n\t\t<\/section>\n\t\t\t\t<section class=\"elementor-section elementor-top-section elementor-element elementor-element-cd150fc elementor-section-boxed elementor-section-height-default elementor-section-height-default\" data-id=\"cd150fc\" data-element_type=\"section\" data-settings=\"{&quot;_ha_eqh_enable&quot;:false}\">\n\t\t\t\t\t\t<div class=\"elementor-container elementor-column-gap-default\">\n\t\t\t\t\t<div class=\"elementor-column elementor-col-100 elementor-top-column elementor-element elementor-element-d4ce9c4\" data-id=\"d4ce9c4\" data-element_type=\"column\">\n\t\t\t<div class=\"elementor-widget-wrap elementor-element-populated\">\n\t\t\t\t\t\t\t\t<div class=\"elementor-element elementor-element-dec24d7 elementor-widget elementor-widget-text-editor\" data-id=\"dec24d7\" data-element_type=\"widget\" data-widget_type=\"text-editor.default\">\n\t\t\t\t<div class=\"elementor-widget-container\">\n\t\t\t\t\t\t\t<p>VVI ACTRIS-CZ poskytuje odborn\u00e9 v\u00fdstupy na poli atmosf\u00e9rick\u00fdch v\u011bd, zejm\u00e9na pak sm\u011brem k monitoringu a v\u00fdzkumu atmosf\u00e9rick\u00fdch aerosol\u016f, reaktivn\u00edch plyn\u016f a meteorologick\u00fdch parametr\u016f.<\/p>\t\t\t\t\t\t<\/div>\n\t\t\t\t<\/div>\n\t\t\t\t\t<\/div>\n\t\t<\/div>\n\t\t\t\t\t\t\t<\/div>\n\t\t<\/section>\n\t\t\t\t<section class=\"elementor-section elementor-top-section elementor-element elementor-element-dbae486 elementor-section-boxed elementor-section-height-default elementor-section-height-default\" data-id=\"dbae486\" data-element_type=\"section\" data-settings=\"{&quot;_ha_eqh_enable&quot;:false}\">\n\t\t\t\t\t\t<div class=\"elementor-container elementor-column-gap-default\">\n\t\t\t\t\t<div class=\"elementor-column elementor-col-100 elementor-top-column elementor-element elementor-element-b8fc181\" data-id=\"b8fc181\" data-element_type=\"column\">\n\t\t\t<div class=\"elementor-widget-wrap elementor-element-populated\">\n\t\t\t\t\t\t\t\t<div class=\"elementor-element elementor-element-45093a1 elementor-widget elementor-widget-heading\" data-id=\"45093a1\" data-element_type=\"widget\" data-widget_type=\"heading.default\">\n\t\t\t\t<div class=\"elementor-widget-container\">\n\t\t\t<h2 class=\"elementor-heading-title elementor-size-default\">Soubor m\u011b\u0159en\u00ed VVI zahrnuje n\u00e1sleduj\u00edc\u00ed aktivity<\/h2>\t\t<\/div>\n\t\t\t\t<\/div>\n\t\t\t\t\t<\/div>\n\t\t<\/div>\n\t\t\t\t\t\t\t<\/div>\n\t\t<\/section>\n\t\t\t\t<section class=\"elementor-section elementor-top-section elementor-element elementor-element-826fb82 elementor-section-boxed elementor-section-height-default elementor-section-height-default\" data-id=\"826fb82\" data-element_type=\"section\" data-settings=\"{&quot;_ha_eqh_enable&quot;:false}\">\n\t\t\t\t\t\t<div class=\"elementor-container elementor-column-gap-default\">\n\t\t\t\t\t<div class=\"elementor-column elementor-col-100 elementor-top-column elementor-element elementor-element-ea03ac5\" data-id=\"ea03ac5\" data-element_type=\"column\">\n\t\t\t<div class=\"elementor-widget-wrap elementor-element-populated\">\n\t\t\t\t\t\t\t\t<div class=\"elementor-element elementor-element-6eee40f elementor-widget elementor-widget-text-editor\" data-id=\"6eee40f\" data-element_type=\"widget\" data-widget_type=\"text-editor.default\">\n\t\t\t\t<div class=\"elementor-widget-container\">\n\t\t\t\t\t\t\t<ul><li>Dlouhodob\u00e9 sledov\u00e1n\u00ed kvality ovzdu\u0161\u00ed v r\u00e1mci s\u00edt\u011b \u010cHM\u00da<\/li><li>M\u011b\u0159en\u00ed t\u011bkav\u00fdch organick\u00fdch l\u00e1tek, oxid\u016f dus\u00edku a element\u00e1rn\u00edho a organick\u00e9ho uhl\u00edku<\/li><li>Monitoring nov\u011b sledovan\u00fdch organick\u00fdch l\u00e1tek, kter\u00e9 jsou analyzov\u00e1ny ve voln\u00e9m ovzdu\u0161\u00ed, atmosf\u00e9rick\u00e9 depozici, povrchov\u00e9 vod\u011b, sedimentu, p\u016fd\u011b, mechu a li\u0161ejn\u00edku<\/li><li>Automatick\u00e1 m\u011b\u0159en\u00ed fyzik\u00e1ln\u00edch a chemick\u00fdch vlastnost\u00ed aerosolov\u00fdch \u010d\u00e1stic v ovzdu\u0161\u00ed (nap\u0159\u00edklad rozd\u011blen\u00ed velikosti \u010d\u00e1stic, a jejich po\u010detn\u00ed koncentrace, sledov\u00e1n\u00ed schopnosti \u010d\u00e1stic v\u00e1zat atmosf\u00e9rickou vodu a jejich tepeln\u00e9 stability, optick\u00fdch vlastnost\u00ed aerosol\u016f)<\/li><li>Kontinu\u00e1ln\u00ed m\u011b\u0159en\u00ed koncentrac\u00ed sklen\u00edkov\u00fdch plyn\u016f a vybran\u00fdch zne\u010di\u0161\u0165uj\u00edc\u00edch l\u00e1tek<\/li><li>M\u011b\u0159en\u00ed meteorologick\u00fdch parametr\u016f jak p\u0159i zemi tak ve vertik\u00e1ln\u00edm profilu<div class=\"container\"><article><section><div class=\"row\"><div class=\"col-lg-8\">\u00a0<\/div><\/div><\/section><\/article><\/div><div class=\"container\">\u00a0<\/div><\/li><\/ul>\t\t\t\t\t\t<\/div>\n\t\t\t\t<\/div>\n\t\t\t\t\t<\/div>\n\t\t<\/div>\n\t\t\t\t\t\t\t<\/div>\n\t\t<\/section>\n\t\t\t\t\t\t\t<\/div>\n\t\t","protected":false},"excerpt":{"rendered":"<p>C\u00edle Partne\u0159i Programy a projekty V\u00fdzkumn\u00e1 infrastruktura (VVI) ACTRIS-CZ se zam\u011b\u0159uje na problematiku region\u00e1ln\u00ed \u00farovn\u011b kvality ovzdu\u0161\u00ed \u010cR a v \u0161ir\u0161\u00ed perspektiv\u011b i ve st\u0159edn\u00ed Evrop\u011b. Tvo\u0159\u00ed ji N\u00e1rodn\u00ed atmosf\u00e9rick\u00e1 observato\u0159 Ko\u0161etice spole\u010dn\u011b s p\u0159\u00edstrojov\u00fdm vybaven\u00edm a p\u0159\u00edslu\u0161enstv\u00edm dal\u0161\u00edch v\u00fdzkumn\u00fdch instituc\u00ed realizuj\u00edc\u00edch zde sv\u00e9 v\u00fdzkumn\u00e9 a monitorovac\u00ed aktivity. Jedine\u010dnost Unik\u00e1tn\u00ed, dlouhodob\u00e1 a vysoce \u010dasov\u011b rozli\u0161en\u00e1 [&hellip;]<\/p>\n","protected":false},"author":1,"featured_media":0,"parent":0,"menu_order":0,"comment_status":"closed","ping_status":"closed","template":"elementor_header_footer","meta":{"footnotes":""},"class_list":["post-50","page","type-page","status-publish","hentry","entry"],"_links":{"self":[{"href":"https:\/\/actris.cz\/web\/wp-json\/wp\/v2\/pages\/50","targetHints":{"allow":["GET"]}}],"collection":[{"href":"https:\/\/actris.cz\/web\/wp-json\/wp\/v2\/pages"}],"about":[{"href":"https:\/\/actris.cz\/web\/wp-json\/wp\/v2\/types\/page"}],"author":[{"embeddable":true,"href":"https:\/\/actris.cz\/web\/wp-json\/wp\/v2\/users\/1"}],"replies":[{"embeddable":true,"href":"https:\/\/actris.cz\/web\/wp-json\/wp\/v2\/comments?post=50"}],"version-history":[{"count":7,"href":"https:\/\/actris.cz\/web\/wp-json\/wp\/v2\/pages\/50\/revisions"}],"predecessor-version":[{"id":746,"href":"https:\/\/actris.cz\/web\/wp-json\/wp\/v2\/pages\/50\/revisions\/746"}],"wp:attachment":[{"href":"https:\/\/actris.cz\/web\/wp-json\/wp\/v2\/media?parent=50"}],"curies":[{"name":"wp","href":"https:\/\/api.w.org\/{rel}","templated":true}]}}