{"id":648,"date":"2023-02-07T10:35:09","date_gmt":"2023-02-07T09:35:09","guid":{"rendered":"https:\/\/actris.cz\/web\/?page_id=648"},"modified":"2023-02-26T09:48:30","modified_gmt":"2023-02-26T08:48:30","slug":"ustav-fyziky-atmosfery","status":"publish","type":"page","link":"https:\/\/actris.cz\/web\/partneri\/ustav-fyziky-atmosfery\/","title":{"rendered":"\u00dastav fyziky atmosf\u00e9ry"},"content":{"rendered":"\t\t<div data-elementor-type=\"wp-page\" data-elementor-id=\"648\" class=\"elementor elementor-648\">\n\t\t\t\t\t\t\t\t\t<section class=\"elementor-section elementor-top-section elementor-element elementor-element-7bbbc52 elementor-section-boxed elementor-section-height-default elementor-section-height-default\" data-id=\"7bbbc52\" data-element_type=\"section\" data-settings=\"{&quot;_ha_eqh_enable&quot;:false}\">\n\t\t\t\t\t\t<div class=\"elementor-container elementor-column-gap-default\">\n\t\t\t\t\t<div class=\"elementor-column elementor-col-100 elementor-top-column elementor-element elementor-element-601c133\" data-id=\"601c133\" data-element_type=\"column\">\n\t\t\t<div class=\"elementor-widget-wrap elementor-element-populated\">\n\t\t\t\t\t\t\t\t<div class=\"elementor-element elementor-element-773a834 elementor-widget elementor-widget-image\" data-id=\"773a834\" data-element_type=\"widget\" data-widget_type=\"image.default\">\n\t\t\t\t<div class=\"elementor-widget-container\">\n\t\t\t<style>\/*! elementor - v3.9.2 - 21-12-2022 *\/\n.elementor-widget-image{text-align:center}.elementor-widget-image a{display:inline-block}.elementor-widget-image a img[src$=\".svg\"]{width:48px}.elementor-widget-image img{vertical-align:middle;display:inline-block}<\/style>\t\t\t\t\t\t\t\t\t\t\t\t<img loading=\"lazy\" decoding=\"async\" width=\"1024\" height=\"683\" src=\"https:\/\/actris.cz\/web\/wp-content\/uploads\/2023\/01\/IMG_0366_Lukas_Ronge-1-1024x683.jpg\" class=\"attachment-large size-large wp-image-525\" alt=\"\" srcset=\"https:\/\/actris.cz\/web\/wp-content\/uploads\/2023\/01\/IMG_0366_Lukas_Ronge-1-1024x683.jpg 1024w, https:\/\/actris.cz\/web\/wp-content\/uploads\/2023\/01\/IMG_0366_Lukas_Ronge-1-300x200.jpg 300w, https:\/\/actris.cz\/web\/wp-content\/uploads\/2023\/01\/IMG_0366_Lukas_Ronge-1-768x512.jpg 768w, https:\/\/actris.cz\/web\/wp-content\/uploads\/2023\/01\/IMG_0366_Lukas_Ronge-1-1536x1024.jpg 1536w, https:\/\/actris.cz\/web\/wp-content\/uploads\/2023\/01\/IMG_0366_Lukas_Ronge-1-2048x1365.jpg 2048w\" sizes=\"auto, (max-width: 1024px) 100vw, 1024px\" \/>\t\t\t\t\t\t\t\t\t\t\t\t\t\t\t<\/div>\n\t\t\t\t<\/div>\n\t\t\t\t\t<\/div>\n\t\t<\/div>\n\t\t\t\t\t\t\t<\/div>\n\t\t<\/section>\n\t\t\t\t<section class=\"elementor-section elementor-top-section elementor-element elementor-element-4709e86 elementor-section-boxed elementor-section-height-default elementor-section-height-default\" data-id=\"4709e86\" data-element_type=\"section\" data-settings=\"{&quot;_ha_eqh_enable&quot;:false}\">\n\t\t\t\t\t\t<div class=\"elementor-container elementor-column-gap-default\">\n\t\t\t\t\t<div class=\"elementor-column elementor-col-100 elementor-top-column elementor-element elementor-element-0f01da6\" data-id=\"0f01da6\" data-element_type=\"column\">\n\t\t\t<div class=\"elementor-widget-wrap elementor-element-populated\">\n\t\t\t\t\t\t\t\t<div class=\"elementor-element elementor-element-8eba895 elementor-widget elementor-widget-text-editor\" data-id=\"8eba895\" data-element_type=\"widget\" data-widget_type=\"text-editor.default\">\n\t\t\t\t<div class=\"elementor-widget-container\">\n\t\t\t<style>\/*! elementor - v3.9.2 - 21-12-2022 *\/\n.elementor-widget-text-editor.elementor-drop-cap-view-stacked .elementor-drop-cap{background-color:#818a91;color:#fff}.elementor-widget-text-editor.elementor-drop-cap-view-framed .elementor-drop-cap{color:#818a91;border:3px solid;background-color:transparent}.elementor-widget-text-editor:not(.elementor-drop-cap-view-default) .elementor-drop-cap{margin-top:8px}.elementor-widget-text-editor:not(.elementor-drop-cap-view-default) .elementor-drop-cap-letter{width:1em;height:1em}.elementor-widget-text-editor .elementor-drop-cap{float:left;text-align:center;line-height:1;font-size:50px}.elementor-widget-text-editor .elementor-drop-cap-letter{display:inline-block}<\/style>\t\t\t\t<p>\u00dastav fyziky atmosf\u00e9ry AV \u010cR, v. v. i. (\u00daFA)\u00a0je ve\u0159ejn\u00e1 v\u00fdzkumn\u00e1 instituce, kter\u00e1 je jedn\u00edm z pracovi\u0161\u0165\u00a0<a href=\"https:\/\/www.avcr.cz\/cs\/\">Akademie v\u011bd \u010cR<\/a>.\u00a0<\/p>\t\t\t\t\t\t<\/div>\n\t\t\t\t<\/div>\n\t\t\t\t\t<\/div>\n\t\t<\/div>\n\t\t\t\t\t\t\t<\/div>\n\t\t<\/section>\n\t\t\t\t<section class=\"elementor-section elementor-top-section elementor-element elementor-element-684a257 elementor-section-boxed elementor-section-height-default elementor-section-height-default\" data-id=\"684a257\" data-element_type=\"section\" data-settings=\"{&quot;_ha_eqh_enable&quot;:false}\">\n\t\t\t\t\t\t<div class=\"elementor-container elementor-column-gap-default\">\n\t\t\t\t\t<div class=\"elementor-column elementor-col-100 elementor-top-column elementor-element elementor-element-76b4712\" data-id=\"76b4712\" data-element_type=\"column\">\n\t\t\t<div class=\"elementor-widget-wrap elementor-element-populated\">\n\t\t\t\t\t\t\t\t<div class=\"elementor-element elementor-element-a4dd4a1 elementor-widget elementor-widget-text-editor\" data-id=\"a4dd4a1\" data-element_type=\"widget\" data-widget_type=\"text-editor.default\">\n\t\t\t\t<div class=\"elementor-widget-container\">\n\t\t\t\t\t\t\t<div>Hlavn\u00edm v\u011bdeck\u00fdm zam\u011b\u0159en\u00edm \u00fastavu je v\u00fdzkum proces\u016f v zemsk\u00e9 atmosf\u00e9\u0159e a bl\u00edzk\u00e9m vesm\u00edru. Jedn\u00e1 se o \u0161irokou v\u011bdn\u00ed oblast od v\u00fdzkumu a p\u0159edpov\u011bdi jev\u016f ve spodn\u00edch parti\u00edch atmosf\u00e9ry, kter\u00e9mu se v\u011bnuj\u00ed pracovn\u00edci\u00a0<a href=\"https:\/\/www.ufa.cas.cz\/struktura-ustavu\/oddeleni-meteorologie\/\">odd\u011blen\u00ed meteorologie<\/a>, p\u0159es p\u0159\u00ed\u010diny a projevy zm\u011bn klimatu a jejich vlivu na spole\u010dnost, kter\u00fd zkoumaj\u00ed v\u011bdci z\u00a0<a href=\"https:\/\/www.ufa.cas.cz\/struktura-ustavu\/oddeleni-klimatologie\/\">odd\u011blen\u00ed klimatologie<\/a>, a\u017e po jevy ve vrchn\u00edch parti\u00edch atmosf\u00e9ry a ionosf\u00e9ry, kter\u00e9 studuj\u00ed na\u00a0<a href=\"https:\/\/www.ufa.cas.cz\/struktura-ustavu\/oddeleni-ionosfery-a-aeronomie\/\">odd\u011blen\u00ed ionosf\u00e9ry a aeronomie<\/a>. Navazuj\u00edc\u00edmu v\u00fdzkumu fyzik\u00e1ln\u00edch proces\u016f v bl\u00edzk\u00e9m vesm\u00edru a ve Slune\u010dn\u00ed soustav\u011b se v\u011bnuj\u00ed pracovn\u00edci\u00a0<a href=\"https:\/\/www.ufa.cas.cz\/struktura-ustavu\/oddeleni-kosmicke-fyziky\/\">odd\u011blen\u00ed kosmick\u00e9 fyziky<\/a>\u00a0a pracovn\u00ed\u00a0<a href=\"https:\/\/www.ufa.cas.cz\/struktura-ustavu\/skupina-numerickych-simulaci-heliosferickeho-plazmatu\/\">skupiny numerick\u00fdch simulac\u00ed heliosf\u00e9rick\u00e9ho plazmatu<\/a>. Vedle z\u00e1kladn\u00edho v\u00fdzkumu se\u00a0 zam\u011bstnanci \u00fastavu pod\u00edl\u00ed na n\u00e1vrhu a v\u00fdvoji v\u011bdeck\u00fdch p\u0159\u00edstroj\u016f a metod nebo na monitorov\u00e1n\u00ed a speci\u00e1ln\u00edch pozorov\u00e1n\u00edch jak na povrchu Zem\u011b, tak vysoko v atmosf\u00e9\u0159e a v bl\u00edzk\u00e9m vesm\u00edru.\u00a0 Z\u00edskan\u00e1 v\u011bdeck\u00e1 data jsou d\u00e1le sd\u00edlena nap\u0159\u00ed\u010d v\u011bdeckou komunitou v r\u00e1mci bohat\u00e9 mezin\u00e1rodn\u00ed spolupr\u00e1ce a v\u00fdsledky v\u00fdzkumu jsou publikov\u00e1ny v uzn\u00e1van\u00fdch v\u011bdeck\u00fdch \u010dasopisech.\u00a0<\/div>\t\t\t\t\t\t<\/div>\n\t\t\t\t<\/div>\n\t\t\t\t\t<\/div>\n\t\t<\/div>\n\t\t\t\t\t\t\t<\/div>\n\t\t<\/section>\n\t\t\t\t<section class=\"elementor-section elementor-top-section elementor-element elementor-element-f53013b elementor-section-boxed elementor-section-height-default elementor-section-height-default\" data-id=\"f53013b\" data-element_type=\"section\" data-settings=\"{&quot;_ha_eqh_enable&quot;:false}\">\n\t\t\t\t\t\t<div class=\"elementor-container elementor-column-gap-default\">\n\t\t\t\t\t<div class=\"elementor-column elementor-col-100 elementor-top-column elementor-element elementor-element-513ca85\" data-id=\"513ca85\" data-element_type=\"column\">\n\t\t\t<div class=\"elementor-widget-wrap elementor-element-populated\">\n\t\t\t\t\t\t\t\t<div class=\"elementor-element elementor-element-86688d0 elementor-widget elementor-widget-text-editor\" data-id=\"86688d0\" data-element_type=\"widget\" data-widget_type=\"text-editor.default\">\n\t\t\t\t<div class=\"elementor-widget-container\">\n\t\t\t\t\t\t\t<p>\u00daFA byl zalo\u017een 1. ledna 1964 a jeho hlavn\u00ed \u010d\u00e1st s\u00eddl\u00ed od po\u010d\u00e1tku v are\u00e1lu Geofyzik\u00e1ln\u00edho \u00fastavu AV \u010cR v Praze na Spo\u0159ilov\u011b. Mimo hlavn\u00ed budovu v Praze \u00fastav spravuje meteorologick\u00e9 observato\u0159e\u00a0<a href=\"https:\/\/www.ufa.cas.cz\/struktura-ustavu\/oddeleni-meteorologie\/observatore\/milesovka\/\">Mile\u0161ovka<\/a>\u00a0a\u00a0<a href=\"https:\/\/www.ufa.cas.cz\/struktura-ustavu\/oddeleni-meteorologie\/observatore\/kopisty-uvod\/\">Kopisty<\/a>, observato\u0159 a telemetrickou stanici\u00a0<a href=\"https:\/\/www.ufa.cas.cz\/struktura-ustavu\/oddeleni-ionosfery-a-aeronomie\/observator-panska-ves\/\">Pansk\u00e1 Ves<\/a>, ionosf\u00e9rickou observato\u0159\u00a0<a href=\"https:\/\/www.ufa.cas.cz\/struktura-ustavu\/oddeleni-ionosfery-a-aeronomie\/oddeleni-ionosfery-a-aeronomie-observator-pruhonice\/\">Pr\u016fhonice<\/a>\u00a0a spole\u010dnou observato\u0159\u00a0<a href=\"https:\/\/www.ufa.cas.cz\/struktura-ustavu\/ths\/dlouha-louka\/\">Dlouh\u00e1 Louka<\/a>\u00a0v Kru\u0161n\u00fdch hor\u00e1ch.<\/p>\t\t\t\t\t\t<\/div>\n\t\t\t\t<\/div>\n\t\t\t\t\t<\/div>\n\t\t<\/div>\n\t\t\t\t\t\t\t<\/div>\n\t\t<\/section>\n\t\t\t\t\t\t\t<\/div>\n\t\t","protected":false},"excerpt":{"rendered":"<p>\u00dastav fyziky atmosf\u00e9ry AV \u010cR, v. v. i. (\u00daFA)\u00a0je ve\u0159ejn\u00e1 v\u00fdzkumn\u00e1 instituce, kter\u00e1 je jedn\u00edm z pracovi\u0161\u0165\u00a0Akademie v\u011bd \u010cR.\u00a0 Hlavn\u00edm v\u011bdeck\u00fdm zam\u011b\u0159en\u00edm \u00fastavu je v\u00fdzkum proces\u016f v zemsk\u00e9 atmosf\u00e9\u0159e a bl\u00edzk\u00e9m vesm\u00edru. Jedn\u00e1 se o \u0161irokou v\u011bdn\u00ed oblast od v\u00fdzkumu a p\u0159edpov\u011bdi jev\u016f ve spodn\u00edch parti\u00edch atmosf\u00e9ry, kter\u00e9mu se v\u011bnuj\u00ed pracovn\u00edci\u00a0odd\u011blen\u00ed meteorologie, p\u0159es p\u0159\u00ed\u010diny a [&hellip;]<\/p>\n","protected":false},"author":3,"featured_media":0,"parent":62,"menu_order":0,"comment_status":"closed","ping_status":"closed","template":"","meta":{"footnotes":""},"class_list":["post-648","page","type-page","status-publish","hentry","entry"],"_links":{"self":[{"href":"https:\/\/actris.cz\/web\/wp-json\/wp\/v2\/pages\/648","targetHints":{"allow":["GET"]}}],"collection":[{"href":"https:\/\/actris.cz\/web\/wp-json\/wp\/v2\/pages"}],"about":[{"href":"https:\/\/actris.cz\/web\/wp-json\/wp\/v2\/types\/page"}],"author":[{"embeddable":true,"href":"https:\/\/actris.cz\/web\/wp-json\/wp\/v2\/users\/3"}],"replies":[{"embeddable":true,"href":"https:\/\/actris.cz\/web\/wp-json\/wp\/v2\/comments?post=648"}],"version-history":[{"count":7,"href":"https:\/\/actris.cz\/web\/wp-json\/wp\/v2\/pages\/648\/revisions"}],"predecessor-version":[{"id":767,"href":"https:\/\/actris.cz\/web\/wp-json\/wp\/v2\/pages\/648\/revisions\/767"}],"up":[{"embeddable":true,"href":"https:\/\/actris.cz\/web\/wp-json\/wp\/v2\/pages\/62"}],"wp:attachment":[{"href":"https:\/\/actris.cz\/web\/wp-json\/wp\/v2\/media?parent=648"}],"curies":[{"name":"wp","href":"https:\/\/api.w.org\/{rel}","templated":true}]}}

Ústav fyziky atmosféry

<div data-elementor-type="wp-page" data-elementor-id="648" class="elementor elementor-648">
									<section class="elementor-section elementor-top-section elementor-element elementor-element-7bbbc52 elementor-section-boxed elementor-section-height-default elementor-section-height-default" data-id="7bbbc52" data-element_type="section" data-settings="{&quot;_ha_eqh_enable&quot;:false}">
						<div class="elementor-container elementor-column-gap-default">
					<div class="elementor-column elementor-col-100 elementor-top-column elementor-element elementor-element-601c133" data-id="601c133" data-element_type="column">
			<div class="elementor-widget-wrap elementor-element-populated">
								<div class="elementor-element elementor-element-773a834 elementor-widget elementor-widget-image" data-id="773a834" data-element_type="widget" data-widget_type="image.default">
				<div class="elementor-widget-container">
			<style>/*! elementor - v3.9.2 - 21-12-2022 */
.elementor-widget-image{text-align:center}.elementor-widget-image a{display:inline-block}.elementor-widget-image a img[src$=".svg"]{width:48px}.elementor-widget-image img{vertical-align:middle;display:inline-block}</style>												<img loading="lazy" decoding="async" width="1024" height="683" src="https://actris.cz/web/wp-content/uploads/2023/01/IMG_0366_Lukas_Ronge-1-1024x683.jpg" class="attachment-large size-large wp-image-525" alt="" srcset="https://actris.cz/web/wp-content/uploads/2023/01/IMG_0366_Lukas_Ronge-1-1024x683.jpg 1024w, https://actris.cz/web/wp-content/uploads/2023/01/IMG_0366_Lukas_Ronge-1-300x200.jpg 300w, https://actris.cz/web/wp-content/uploads/2023/01/IMG_0366_Lukas_Ronge-1-768x512.jpg 768w, https://actris.cz/web/wp-content/uploads/2023/01/IMG_0366_Lukas_Ronge-1-1536x1024.jpg 1536w, https://actris.cz/web/wp-content/uploads/2023/01/IMG_0366_Lukas_Ronge-1-2048x1365.jpg 2048w" sizes="auto, (max-width: 1024px) 100vw, 1024px" />															</div>
				</div>
					</div>
		</div>
							</div>
		</section>
				<section class="elementor-section elementor-top-section elementor-element elementor-element-4709e86 elementor-section-boxed elementor-section-height-default elementor-section-height-default" data-id="4709e86" data-element_type="section" data-settings="{&quot;_ha_eqh_enable&quot;:false}">
						<div class="elementor-container elementor-column-gap-default">
					<div class="elementor-column elementor-col-100 elementor-top-column elementor-element elementor-element-0f01da6" data-id="0f01da6" data-element_type="column">
			<div class="elementor-widget-wrap elementor-element-populated">
								<div class="elementor-element elementor-element-8eba895 elementor-widget elementor-widget-text-editor" data-id="8eba895" data-element_type="widget" data-widget_type="text-editor.default">
				<div class="elementor-widget-container">
			<style>/*! elementor - v3.9.2 - 21-12-2022 */
.elementor-widget-text-editor.elementor-drop-cap-view-stacked .elementor-drop-cap{background-color:#818a91;color:#fff}.elementor-widget-text-editor.elementor-drop-cap-view-framed .elementor-drop-cap{color:#818a91;border:3px solid;background-color:transparent}.elementor-widget-text-editor:not(.elementor-drop-cap-view-default) .elementor-drop-cap{margin-top:8px}.elementor-widget-text-editor:not(.elementor-drop-cap-view-default) .elementor-drop-cap-letter{width:1em;height:1em}.elementor-widget-text-editor .elementor-drop-cap{float:left;text-align:center;line-height:1;font-size:50px}.elementor-widget-text-editor .elementor-drop-cap-letter{display:inline-block}</style>				<p>Ústav fyziky atmosféry AV ČR, v. v. i. (ÚFA) je veřejná výzkumná instituce, která je jedním z pracovišť <a href="https://www.avcr.cz/cs/">Akademie věd ČR</a>. </p>						</div>
				</div>
					</div>
		</div>
							</div>
		</section>
				<section class="elementor-section elementor-top-section elementor-element elementor-element-684a257 elementor-section-boxed elementor-section-height-default elementor-section-height-default" data-id="684a257" data-element_type="section" data-settings="{&quot;_ha_eqh_enable&quot;:false}">
						<div class="elementor-container elementor-column-gap-default">
					<div class="elementor-column elementor-col-100 elementor-top-column elementor-element elementor-element-76b4712" data-id="76b4712" data-element_type="column">
			<div class="elementor-widget-wrap elementor-element-populated">
								<div class="elementor-element elementor-element-a4dd4a1 elementor-widget elementor-widget-text-editor" data-id="a4dd4a1" data-element_type="widget" data-widget_type="text-editor.default">
				<div class="elementor-widget-container">
							<div>Hlavním vědeckým zaměřením ústavu je výzkum procesů v zemské atmosféře a blízkém vesmíru. Jedná se o širokou vědní oblast od výzkumu a předpovědi jevů ve spodních partiích atmosféry, kterému se věnují pracovníci <a href="https://www.ufa.cas.cz/struktura-ustavu/oddeleni-meteorologie/">oddělení meteorologie</a>, přes příčiny a projevy změn klimatu a jejich vlivu na společnost, který zkoumají vědci z <a href="https://www.ufa.cas.cz/struktura-ustavu/oddeleni-klimatologie/">oddělení klimatologie</a>, až po jevy ve vrchních partiích atmosféry a ionosféry, které studují na <a href="https://www.ufa.cas.cz/struktura-ustavu/oddeleni-ionosfery-a-aeronomie/">oddělení ionosféry a aeronomie</a>. Navazujícímu výzkumu fyzikálních procesů v blízkém vesmíru a ve Sluneční soustavě se věnují pracovníci <a href="https://www.ufa.cas.cz/struktura-ustavu/oddeleni-kosmicke-fyziky/">oddělení kosmické fyziky</a> a pracovní <a href="https://www.ufa.cas.cz/struktura-ustavu/skupina-numerickych-simulaci-heliosferickeho-plazmatu/">skupiny numerických simulací heliosférického plazmatu</a>. Vedle základního výzkumu se  zaměstnanci ústavu podílí na návrhu a vývoji vědeckých přístrojů a metod nebo na monitorování a speciálních pozorováních jak na povrchu Země, tak vysoko v atmosféře a v blízkém vesmíru.  Získaná vědecká data jsou dále sdílena napříč vědeckou komunitou v rámci bohaté mezinárodní spolupráce a výsledky výzkumu jsou publikovány v uznávaných vědeckých časopisech. </div>						</div>
				</div>
					</div>
		</div>
							</div>
		</section>
				<section class="elementor-section elementor-top-section elementor-element elementor-element-f53013b elementor-section-boxed elementor-section-height-default elementor-section-height-default" data-id="f53013b" data-element_type="section" data-settings="{&quot;_ha_eqh_enable&quot;:false}">
						<div class="elementor-container elementor-column-gap-default">
					<div class="elementor-column elementor-col-100 elementor-top-column elementor-element elementor-element-513ca85" data-id="513ca85" data-element_type="column">
			<div class="elementor-widget-wrap elementor-element-populated">
								<div class="elementor-element elementor-element-86688d0 elementor-widget elementor-widget-text-editor" data-id="86688d0" data-element_type="widget" data-widget_type="text-editor.default">
				<div class="elementor-widget-container">
							<p>ÚFA byl založen 1. ledna 1964 a jeho hlavní část sídlí od počátku v areálu Geofyzikálního ústavu AV ČR v Praze na Spořilově. Mimo hlavní budovu v Praze ústav spravuje meteorologické observatoře <a href="https://www.ufa.cas.cz/struktura-ustavu/oddeleni-meteorologie/observatore/milesovka/">Milešovka</a> a <a href="https://www.ufa.cas.cz/struktura-ustavu/oddeleni-meteorologie/observatore/kopisty-uvod/">Kopisty</a>, observatoř a telemetrickou stanici <a href="https://www.ufa.cas.cz/struktura-ustavu/oddeleni-ionosfery-a-aeronomie/observator-panska-ves/">Panská Ves</a>, ionosférickou observatoř <a href="https://www.ufa.cas.cz/struktura-ustavu/oddeleni-ionosfery-a-aeronomie/oddeleni-ionosfery-a-aeronomie-observator-pruhonice/">Průhonice</a> a společnou observatoř <a href="https://www.ufa.cas.cz/struktura-ustavu/ths/dlouha-louka/">Dlouhá Louka</a> v Krušných horách.</p>						</div>
				</div>
					</div>
		</div>
							</div>
		</section>
							</div>

<p>Ústav fyziky atmosféry AV ČR, v. v. i. (ÚFA) je veřejná výzkumná instituce, která je jedním z pracovišť Akademie věd ČR.  Hlavním vědeckým zaměřením ústavu je výzkum procesů v zemské atmosféře a blízkém vesmíru. Jedná se o širokou vědní oblast od výzkumu a předpovědi jevů ve spodních partiích atmosféry, kterému se věnují pracovníci oddělení meteorologie, přes příčiny a [&hellip;]</p>
